2955431 is divided by 67.
61
What is the remainder when 595826 is divided by 33101?
8
What is the remainder when 1022 is divided by 40?
22
What is the remainder when 178477 is divided by 55?
2
What is the remainder when 8372 is divided by 46?
0
What is the remainder when 1497 is divided by 202?
83
What is the remainder when 2872169 is divided by 987?
986
What is the remainder when 42894 is divided by 33?
27
Calculate the remainder when 11157 is divided by 10.
7
Calculate the remainder when 7981 is divided by 288.
205
What is the remainder when 117960 is divided by 20?
0
What is the remainder when 2758 is divided by 416?
262
What is the remainder when 329775 is divided by 837?
834
Calculate the remainder when 5747 is divided by 31.
12
What is the remainder when 17008 is divided by 114?
22
Calculate the remainder when 6004 is divided by 39.
37
Calculate the remainder when 801646 is divided by 304.
302
Calculate the remainder when 2766925 is divided by 19.
12
What is the remainder when 880137 is divided by 51?
30
What is the remainder when 102205 is divided by 25462?
357
Calculate the remainder when 21128 is divided by 440.
8
Calculate the remainder when 5076 is divided by 147.
78
What is the remainder when 16548 is divided by 779?
189
What is the remainder when 553 is divided by 369?
184
What is the remainder when 7348533 is divided by 95?
93
Calculate the remainder when 7524 is divided by 579.
576
Calculate the remainder when 45485 is divided by 1819.
10
What is the remainder when 895 is divided by 117?
76
What is the remainder when 535644 is divided by 51?
42
Calculate the remainder when 237006 is divided by 47401.
1
Calculate the remainder when 95981 is divided by 13.
2
Calculate the remainder when 61083 is divided by 30509.
65
Calculate the remainder when 42214 is divided by 1005.
4
What is the remainder when 45370 is divided by 25?
20
What is the remainder when 24692 is divided by 12338?
16
Calculate the remainder when 134883 is divided by 46.
11
Calculate the remainder when 52552 is divided by 13129.
36
What is the remainder when 98098 is divided by 75?
73
Calculate the remainder when 215727 is divided by 18.
15
What is the remainder when 284665 is divided by 317?
316
What is the remainder when 134934 is divided by 44976?
6
What is the remainder when 43997 is divided by 200?
197
What is the remainder when 484412 is divided by 18?
14
Calculate the remainder when 14626 is divided by 594.
370
Calculate the remainder when 63522 is divided by 363.
360
Calculate the remainder when 2871 is divided by 45.
36
Calculate the remainder when 25166 is divided by 115.
96
What is the remainder when 74199 is divided by 74170?
29
What is the remainder when 11331 is divided by 336?
243
Calculate the remainder when 5206 is divided by 60.
46
Calculate the remainder when 496492 is divided by 13.
9
Calculate the remainder when 52478 is divided by 1810.
1798
What is the remainder when 121094 is divided by 207?
206
What is the remainder when 131686 is divided by 62?
60
What is the remainder when 88856 is divided by 45?
26
Calculate the remainder when 18267 is divided by 59.
36
Calculate the remainder when 848090 is divided by 39.
35
What is the remainder when 3959 is divided by 395?
9
What is the remainder when 62700 is divided by 62511?
189
Calculate the remainder when 142073 is divided by 2220.
2213
What is the remainder when 2508 is divided by 169?
142
Calculate the remainder when 290441 is divided by 154.
151
What is the remainder when 63524 is divided by 26?
6
What is the remainder when 30125 is divided by 36?
29
Calculate the remainder when 136221 is divided by 68097.
27
Calculate the remainder when 2012 is divided by 953.
106
Calculate the remainder when 883183 is divided by 220785.
43
Calculate the remainder when 6190 is divided by 35.
30
Calculate the remainder when 16658 is divided by 1198.
1084
What is the remainder when 24835 is divided by 608?
515
What is the remainder when 10498 is divided by 384?
130
What is the remainder when 17797 is divided by 2221?
29
What is the remainder when 7375 is divided by 7?
4
What is the remainder when 392029 is divided by 21?
1
Calculate the remainder when 16355 is divided by 5349.
308
Calculate the remainder when 1163 is divided by 243.
191
What is the remainder when 164344 is divided by 147?
145
What is the remainder when 18164 is divided by 1979?
353
Calculate the remainder when 20301 is divided by 2779.
848
Calculate the remainder when 125964 is divided by 4062.
42
What is the remainder when 115981 is divided by 22?
19
Calculate the remainder when 77924 is divided by 3542.
0
What is the remainder when 72721 is divided by 6?
1
Calculate the remainder when 327550 is divided by 33.
25
Calculate the remainder when 132428 is divided by 323.
321
What is the remainder when 263103 is divided by 715?
698
What is the remainder when 321621 is divided by 12?
9
What is the remainder when 733 is divided by 88?
29
Calculate the remainder when 41067 is divided by 28.
19
What is the remainder when 43975 is divided by 184?
183
What is the remainder when 317 is divided by 63?
2
Calculate the remainder when 272977 is divided by 144.
97
What is the remainder when 44794 is divided by 194?
174
What is the remainder when 2802 is divided by 538?
112
What is the remainder when 366666 is divided by 183311?
44
Calculate the remainder when 898 is divided by 360.
178
What is the remainder when 426160 is divided by 17?
4
Calculate the remainder when 33852 is divided by 116.
96
Calculate the remainder when 3838 is divided by 1882.
74
Calculate the remainder when 13634 is divided by 3393.
62
Calculate the remainder when 2495528 is divided by 28.
0
What is the remainder when 3023 is divided by 994?
41
What is the remainder when 2847 is divided by 35?
12
What is the remainder when 9581 is divided by 2394?
5
What is the remainder when 1537768 is divided by 17?
16
What is the remainder when 104357 is divided by 34782?
11
Calculate the remainder when 1300317 is divided by 1120.
1117
Calculate the remainder when 9394 is divided by 2348.
2
Calculate the remainder when 23578 is divided by 41.
3
Calculate the remainder when 104543 is divided by 20903.
28
What is the remainder when 21597 is divided by 10798?
1
Calculate the remainder when 23616 is divided by 3936.
0
What is the remainder when 5950 is divided by 294?
70
Calculate the remainder when 35956 is divided by 35761.
195
What is the remainder when 18800 is divided by 2350?
0
What is the remainder when 12399 is divided by 66?
57
Calculate the remainder when 31318 is divided by 116.
114
What is the remainder when 745193 is divided by 46?
39
Calculate the remainder when 15411 is divided by 771.
762
What is the remainder when 2177 is divided by 239?
26
Calculate the remainder when 2565 is divided by 2253.
312
Calculate the remainder when 30284 is divided by 30245.
39
Calculate the remainder when 28258 is divided by 9414.
16
Calculate the remainder when 1300333 is divided by 325083.
1
Calculate the remainder when 1739 is divided by 1413.
326
What is the remainder when 1806 is divided by 31?
8
What is the remainder when 19585 is divided by 979?
5
What is the remainder when 302930 is divided by 217?
215
What is the remainder when 44550 is divided by 22264?
22
Calculate the remainder when 2328 is divided by 742.
102
Calculate the remainder when 317187 is divided by 55.
2
What is the remainder when 14973 is divided by 96?
93
Calculate the remainder when 4144 is divided by 197.
7
Calculate the remainder when 24016 is divided by 4001.
10
Calculate the remainder when 1199 is divided by 1163.
36
What is the remainder when 457149 is divided by 9523?
45
Calculate the remainder when 406398 is divided by 320.
318
Calculate the remainder when 32899 is divided by 154.
97
Calculate the remainder when 1184 is divided by 290.
24
What is the remainder when 1019 is divided by 182?
109
What is the remainder when 10103 is divided by 4?
3
Calculate the remainder when 32934 is divided by 32920.
14
What is the remainder when 78839 is divided by 120?
119
What is the remainder when 352973 is divided by 88243?
1
Calculate the remainder when 3882 is divided by 969.
6
What is the remainder when 313497 is divided by 110?
107
Calc